{"id":13574,"date":"2021-10-12T15:21:02","date_gmt":"2021-10-12T15:21:02","guid":{"rendered":"https:\/\/shop.fatumnyiregyhaza.hu\/?post_type=product&#038;p=13574"},"modified":"2021-10-14T12:05:53","modified_gmt":"2021-10-14T12:05:53","slug":"galleros-polo-fatum-nyiregyhaza-logoval","status":"publish","type":"product","link":"https:\/\/shop.fatumnyiregyhaza.hu\/?product=galleros-polo-fatum-nyiregyhaza-logoval","title":{"rendered":"Gall\u00e9ros p\u00f3l\u00f3 Fatum &#8211; Ny\u00edregyh\u00e1za log\u00f3val"},"content":{"rendered":"<p>Eleg\u00e1nsak, ugyanakkor k\u00e9nyelmes szurkol\u00f3i p\u00f3l\u00f3 Fatum &#8211; Ny\u00edregyh\u00e1za log\u00f3val t\u00f6bb m\u00e9retben!<\/p>\n","protected":false},"excerpt":{"rendered":"<p>Eleg\u00e1nsak, ugyanakkor k\u00e9nyelmes szurkol\u00f3i p\u00f3l\u00f3 Fatum &#8211; Ny\u00edregyh\u00e1za log\u00f3val t\u00f6bb m\u00e9retben!<\/p>\n","protected":false},"featured_media":13615,"template":"","meta":[],"product_cat":[15],"product_tag":[],"class_list":{"0":"post-13574","1":"product","2":"type-product","3":"status-publish","4":"has-post-thumbnail","6":"product_cat-fatum-nyiregyhaza","8":"first","9":"instock","10":"shipping-taxable","11":"purchasable","12":"product-type-variable"},"_links":{"self":[{"href":"https:\/\/shop.fatumnyiregyhaza.hu\/index.php?rest_route=\/wp\/v2\/product\/13574","targetHints":{"allow":["GET"]}}],"collection":[{"href":"https:\/\/shop.fatumnyiregyhaza.hu\/index.php?rest_route=\/wp\/v2\/product"}],"about":[{"href":"https:\/\/shop.fatumnyiregyhaza.hu\/index.php?rest_route=\/wp\/v2\/types\/product"}],"wp:featuredmedia":[{"embeddable":true,"href":"https:\/\/shop.fatumnyiregyhaza.hu\/index.php?rest_route=\/wp\/v2\/media\/13615"}],"wp:attachment":[{"href":"https:\/\/shop.fatumnyiregyhaza.hu\/index.php?rest_route=%2Fwp%2Fv2%2Fmedia&parent=13574"}],"wp:term":[{"taxonomy":"product_cat","embeddable":true,"href":"https:\/\/shop.fatumnyiregyhaza.hu\/index.php?rest_route=%2Fwp%2Fv2%2Fproduct_cat&post=13574"},{"taxonomy":"product_tag","embeddable":true,"href":"https:\/\/shop.fatumnyiregyhaza.hu\/index.php?rest_route=%2Fwp%2Fv2%2Fproduct_tag&post=13574"}],"curies":[{"name":"wp","href":"https:\/\/api.w.org\/{rel}","templated":true}]}}