{"id":13569,"date":"2021-10-12T15:08:45","date_gmt":"2021-10-12T15:08:45","guid":{"rendered":"https:\/\/shop.fatumnyiregyhaza.hu\/?post_type=product&#038;p=13569"},"modified":"2021-10-14T12:08:29","modified_gmt":"2021-10-14T12:08:29","slug":"bogre-hubner-nyiregyhaza-bs-logoval","status":"publish","type":"product","link":"https:\/\/shop.fatumnyiregyhaza.hu\/?product=bogre-hubner-nyiregyhaza-bs-logoval","title":{"rendered":"B\u00f6gre H\u00fcbner Ny\u00edregyh\u00e1za BS log\u00f3val"},"content":{"rendered":"<p>Tarts egy kis sz\u00fcnetet egy cs\u00e9sze k\u00e1v\u00e9 vagy tea t\u00e1rsas\u00e1g\u00e1ban! A H\u00fcbner Ny\u00edregyh\u00e1za\u00a0 BS b\u00f6gr\u00e9je letisztult st\u00edlus\u00fa, \u00edgy b\u00e1rhol j\u00f3l mutat. B\u00e1rmilyen forr\u00f3 italt sz\u00fcrcs\u00f6lsz sz\u00edvesen \u2012 er\u0151s eszpressz\u00f3t, egy hossz\u00fa latt\u00e9t vagy egy nagy <em>b\u00f6gre<\/em> finom te\u00e1t, megtal\u00e1ltad hozz\u00e1 az ide\u00e1lis b\u00f6gr\u00e9t.<\/p>\n","protected":false},"excerpt":{"rendered":"<p>Tarts egy kis sz\u00fcnetet egy cs\u00e9sze k\u00e1v\u00e9 vagy tea t\u00e1rsas\u00e1g\u00e1ban! A H\u00fcbner Ny\u00edregyh\u00e1za\u00a0 BS b\u00f6gr\u00e9je letisztult st\u00edlus\u00fa, \u00edgy b\u00e1rhol j\u00f3l mutat. B\u00e1rmilyen forr\u00f3 italt sz\u00fcrcs\u00f6lsz sz\u00edvesen \u2012 er\u0151s eszpressz\u00f3t, egy hossz\u00fa latt\u00e9t vagy egy nagy b\u00f6gre finom te\u00e1t, megtal\u00e1ltad hozz\u00e1 az ide\u00e1lis b\u00f6gr\u00e9t.<\/p>\n","protected":false},"featured_media":13617,"template":"","meta":[],"product_cat":[48],"product_tag":[],"class_list":{"0":"post-13569","1":"product","2":"type-product","3":"status-publish","4":"has-post-thumbnail","6":"product_cat-hubner-nyiregyhaza-bs","8":"first","9":"instock","10":"shipping-taxable","11":"purchasable","12":"product-type-simple"},"_links":{"self":[{"href":"https:\/\/shop.fatumnyiregyhaza.hu\/index.php?rest_route=\/wp\/v2\/product\/13569","targetHints":{"allow":["GET"]}}],"collection":[{"href":"https:\/\/shop.fatumnyiregyhaza.hu\/index.php?rest_route=\/wp\/v2\/product"}],"about":[{"href":"https:\/\/shop.fatumnyiregyhaza.hu\/index.php?rest_route=\/wp\/v2\/types\/product"}],"wp:featuredmedia":[{"embeddable":true,"href":"https:\/\/shop.fatumnyiregyhaza.hu\/index.php?rest_route=\/wp\/v2\/media\/13617"}],"wp:attachment":[{"href":"https:\/\/shop.fatumnyiregyhaza.hu\/index.php?rest_route=%2Fwp%2Fv2%2Fmedia&parent=13569"}],"wp:term":[{"taxonomy":"product_cat","embeddable":true,"href":"https:\/\/shop.fatumnyiregyhaza.hu\/index.php?rest_route=%2Fwp%2Fv2%2Fproduct_cat&post=13569"},{"taxonomy":"product_tag","embeddable":true,"href":"https:\/\/shop.fatumnyiregyhaza.hu\/index.php?rest_route=%2Fwp%2Fv2%2Fproduct_tag&post=13569"}],"curies":[{"name":"wp","href":"https:\/\/api.w.org\/{rel}","templated":true}]}}